when 10982881 is divided by 2.
1
Calculate the remainder when 1526459 is divided by 1374.
1319
What is the remainder when 52313 is divided by 1484?
373
What is the remainder when 3300567 is divided by 35?
32
What is the remainder when 9964018 is divided by 4982009?
0
What is the remainder when 1161115 is divided by 241?
218
What is the remainder when 12171453 is divided by 96?
93
What is the remainder when 64813 is divided by 64813?
0
What is the remainder when 126533 is divided by 1874?
975
What is the remainder when 1182960 is divided by 7302?
36
What is the remainder when 78907 is divided by 709?
208
Calculate the remainder when 781190 is divided by 363.
14
Calculate the remainder when 10740819 is divided by 1532.
1499
What is the remainder when 2079397 is divided by 1899?
1891
Calculate the remainder when 14960 is divided by 749.
729
Calculate the remainder when 10978070 is divided by 43.
41
What is the remainder when 184638755 is divided by 69?
68
Calculate the remainder when 476126 is divided by 278.
190
Calculate the remainder when 420305 is divided by 7.
4
What is the remainder when 106553 is divided by 106219?
334
Calculate the remainder when 231824 is divided by 424.
320
What is the remainder when 468347 is divided by 2415?
2252
What is the remainder when 2088036 is divided by 3298?
402
Calculate the remainder when 679358 is divided by 2613.
2591
Calculate the remainder when 2516388 is divided by 28924.
0
Calculate the remainder when 135465674 is divided by 255.
239
What is the remainder when 961346 is divided by 974?
8
Calculate the remainder when 8264874 is divided by 550991.
9
What is the remainder when 14817044 is divided by 117?
47
Calculate the remainder when 1200692215 is divided by 61.
57
What is the remainder when 173225 is divided by 505?
10
What is the remainder when 3080967 is divided by 89?
54
What is the remainder when 69199312 is divided by 691993?
12
What is the remainder when 474910 is divided by 474792?
118
What is the remainder when 7209760 is divided by 481?
51
What is the remainder when 4067 is divided by 526?
385
What is the remainder when 60525055 is divided by 330738?
1
Calculate the remainder when 186964 is divided by 23193.
1420
What is the remainder when 12888 is divided by 2604?
2472
What is the remainder when 486129 is divided by 486121?
8
What is the remainder when 1000384248 is divided by 50?
48
What is the remainder when 1347276 is divided by 60?
36
Calculate the remainder when 57553 is divided by 1305.
133
What is the remainder when 63010 is divided by 12574?
140
What is the remainder when 69720 is divided by 34847?
26
What is the remainder when 2675761 is divided by 267565?
111
Calculate the remainder when 39734 is divided by 13175.
209
What is the remainder when 96336749 is divided by 32112245?
14
What is the remainder when 941448 is divided by 469432?
2584
Calculate the remainder when 614277 is divided by 303988.
6301
What is the remainder when 4345106 is divided by 551?
471
Calculate the remainder when 81031961 is divided by 51.
50
Calculate the remainder when 2904795 is divided by 790.
755
What is the remainder when 108072 is divided by 7716?
48
What is the remainder when 30710290 is divided by 2559190?
10
Calculate the remainder when 5381725 is divided by 372.
1
What is the remainder when 11095328 is divided by 119?
6
Calculate the remainder when 339714 is divided by 282.
186
Calculate the remainder when 1376655 is divided by 4916.
175
What is the remainder when 80110577 is divided by 2245?
2242
What is the remainder when 1717381 is divided by 4060?
1
Calculate the remainder when 201027 is divided by 18243.
354
Calculate the remainder when 95828 is divided by 47820.
188
Calculate the remainder when 1044355 is divided by 7405.
250
What is the remainder when 141499 is divided by 8833?
171
Calculate the remainder when 68549472 is divided by 1287.
1278
What is the remainder when 9714268 is divided by 25430?
8
Calculate the remainder when 1665809 is divided by 744.
737
Calculate the remainder when 9328376 is divided by 176007.
5
What is the remainder when 123564 is divided by 3269?
2611
Calculate the remainder when 37876 is divided by 61.
56
Calculate the remainder when 353036 is divided by 117072.
1820
What is the remainder when 63837 is divided by 2664?
2565
Calculate the remainder when 12291096 is divided by 4097022.
30
Calculate the remainder when 209378423 is divided by 23.
16
What is the remainder when 326925 is divided by 16345?
25
What is the remainder when 1478938 is divided by 6692?
6
Calculate the remainder when 153974 is divided by 15345.
524
Calculate the remainder when 41109235 is divided by 1862.
1861
Calculate the remainder when 5340914 is divided by 130.
124
Calculate the remainder when 1501448 is divided by 750723.
2
Calculate the remainder when 91197488 is divided by 10.
8
Calculate the remainder when 377332 is divided by 13469.
200
Calculate the remainder when 10701 is divided by 8957.
1744
What is the remainder when 2285182 is divided by 76167?
172
What is the remainder when 1362303 is divided by 454080?
63
What is the remainder when 882219 is divided by 98017?
66
Calculate the remainder when 827441 is divided by 2028.
17
What is the remainder when 11116240 is divided by 79?
71
What is the remainder when 683692 is divided by 48830?
72
What is the remainder when 999858597 is divided by 3900?
3897
What is the remainder when 512453 is divided by 160?
133
Calculate the remainder when 3339074 is divided by 475.
299
What is the remainder when 1303003 is divided by 592?
11
What is the remainder when 26371635 is divided by 186?
183
Calculate the remainder when 6379154 is divided by 45.
44
Calculate the remainder when 1452636 is divided by 9620.
16
Calculate the remainder when 3984983 is divided by 3511.
3509
Calculate the remainder when 6608271 is divided by 41824.
79
What is the remainder when 211212235 is divided by 2542?
2539
Calculate the remainder when 42863358 is divided by 16.
14
Calculate the remainder when 7701309 is divided by 350.
259
Calculate the remainder when 4759797 is divided by 1189945.
17
Calculate the remainder when 3675797 is divided by 1094.
1051
What is the remainder when 22937 is divided by 990?
167
Calculate the remainder when 15677336 is divided by 57.
56
Calculate the remainder when 71926 is divided by 17951.
122
What is the remainder when 18387649 is divided by 2163?
2149
What is the remainder when 336123 is divided by 4940?
203
Calculate the remainder when 12624735 is divided by 4208242.
9
Calculate the remainder when 19676237 is divided by 2095.
2092
What is the remainder when 265690 is divided by 913?
7
What is the remainder when 12722464 is divided by 1350?
64
Calculate the remainder when 29796175 is divided by 9932040.
55
What is the remainder when 8407278 is divided by 11908?
230
Calculate the remainder when 8794748 is divided by 4397370.
8
What is the remainder when 4921532 is divided by 47?
21
What is the remainder when 921048 is divided by 307016?
0
Calculate the remainder when 73031753 is divided by 1159234.
11
What is the remainder when 8461496 is divided by 473?
472
What is the remainder when 20154033 is divided by 2519237?
137
What is the remainder when 149539 is divided by 550?
489
What is the remainder when 237296262 is divided by 22?
16
What is the remainder when 5750825 is divided by 64616?
1
What is the remainder when 1958972 is divided by 1126?
858
Calculate the remainder when 377817 is divided by 3696.
825
What is the remainder when 1146803 is divided by 1146787?
16
Calculate the remainder when 468413 is divided by 1960.
1933
Calculate the remainder when 916775 is divided by 70496.
327
What is the remainder when 769 is divided by 717?
52
What is the remainder when 302362 is divided by 4?
2
What is the remainder when 178123 is divided by 372?
307
Calculate the remainder when 165242 is divided by 10324.
58
What is the remainder when 115472779 is divided by 1514?
1513
Calculate the remainder when 94421 is divided by 22989.
2465
Calculate the remainder when 156576 is divided by 15631.
266
What is the remainder when 1687558 is divided by 30?
28
What is the remainder when 5767875 is divided by 326?
283
Calculate the remainder when 60401673 i